{"id":736,"date":"2022-12-18T16:55:29","date_gmt":"2022-12-18T16:55:29","guid":{"rendered":"https:\/\/paverslaukime.lt\/?page_id=736"},"modified":"2024-01-07T19:13:30","modified_gmt":"2024-01-07T19:13:30","slug":"apie-projekta","status":"publish","type":"page","link":"https:\/\/paverslaukime.lt\/?page_id=736","title":{"rendered":"Apie projekt\u0105"},"content":{"rendered":"\n<p>\u201e\u017dali\u0173j\u0173 velni\u0173\u201c organizacija dalyvauja \u012fvairiuose projektuose, skatinan\u010diuose jaunimo fizin\u012f aktyvum\u0105 sporto srityje. Ta\u010diau norint dar labiau \u012fprasminti organizacijos pavadinim\u0105 vadovai nusprend\u0117 sukurti projekt\u0105, kuris pad\u0117t\u0173 interaktyviai \u012fprasminti partizanin\u0119 veikl\u0105, jog apie Lietuvoje vykusias partizanines kovas, istorij\u0105 b\u016bt\u0173 ne tik naudinga, bet ir \u012fdomu su\u017einoti.<\/p>\n\n\n<div class=\"wp-block-image\">\n<figure class=\"aligncenter size-large is-resized\"><a href=\"https:\/\/paverslaukime.lt\/wp-content\/uploads\/2022\/12\/cropped-Finansuojama-Europos-socialinio-fondo-lesomis-2.jpg\"><img decoding=\"async\" src=\"https:\/\/paverslaukime.lt\/wp-content\/uploads\/2022\/12\/cropped-Finansuojama-Europos-socialinio-fondo-lesomis-2-1024x512.jpg\" alt=\"\" class=\"wp-image-92\" width=\"-589\" height=\"-294\" srcset=\"https:\/\/paverslaukime.lt\/wp-content\/uploads\/2022\/12\/cropped-Finansuojama-Europos-socialinio-fondo-lesomis-2-1024x512.jpg 1024w, https:\/\/paverslaukime.lt\/wp-content\/uploads\/2022\/12\/cropped-Finansuojama-Europos-socialinio-fondo-lesomis-2-300x150.jpg 300w, https:\/\/paverslaukime.lt\/wp-content\/uploads\/2022\/12\/cropped-Finansuojama-Europos-socialinio-fondo-lesomis-2-768x384.jpg 768w, https:\/\/paverslaukime.lt\/wp-content\/uploads\/2022\/12\/cropped-Finansuojama-Europos-socialinio-fondo-lesomis-2-1536x768.jpg 1536w, https:\/\/paverslaukime.lt\/wp-content\/uploads\/2022\/12\/cropped-Finansuojama-Europos-socialinio-fondo-lesomis-2.jpg 1920w\" sizes=\"(max-width: 1024px) 100vw, 1024px\" \/><\/a><\/figure><\/div>\n\n\n<p>Projekto \u201eVerslo prad\u017eia Kai\u0161iadoryse\u201c tikslas \u2013 ma\u017einti nedarb\u0105, skatinant darbing\u0173 Kai\u0161iadori\u0173 jaunimo iki 29 met\u0173 verslum\u0105 ir sukurti kompleksin\u0117s pagalbos paket\u0105 jauno verslo subjektams, suteikiant mokymus ir verslo prad\u017eiai reikalingas priemones. Kitaip tariant projektu siekiama skatinti ekonomi\u0161kai neaktyvaus jaunimo verslum\u0105, gerinti j\u0173 \u012fg\u016bd\u017eius, sukurti 8 darbo vietas jauniems \u017emon\u0117ms. Projekto dalyvi\u0173 laukia:<\/p>\n\n\n\n<ul class=\"wp-block-list\">\n<li>Kompetencij\u0173 ugdymas dalyvaujant organizuojamuose mokymuose;<\/li>\n\n\n\n<li>Konsultacijos verslo ir kt. klausimais, priemoni\u0173 suteikimas;<\/li>\n\n\n\n<li>Savanori\u0161kos veiklos skatinimas, savirai\u0161kos galimyb\u0117s;<\/li>\n\n\n\n<li>Galimyb\u0117s prisid\u0117ti prie vienintelio Kai\u0161iadori\u0173 rajone pab\u0117gimo kambario \u012fk\u016brimo;<\/li>\n\n\n\n<li>Galimyb\u0117 \u012fsidarbinti, sukurti savo versl\u0105.<\/li>\n<\/ul>\n\n\n\n<p>Projekto metu renkami savanoriai (16 m.), kurie dalyvaus mokymuose bei su lektori\u0173 pagalba sukurs interaktyv\u0173 pab\u0117gimo kambar\u012f, kuriame bus naudojamos \u012fvairios projekcijos, virtuali realyb\u0117, gyvosios istorijos elementai, garso efektai, \u0161viesos instaliacijos ir kt. \u0160ie \u012fvair\u016bs elementai pad\u0117s interaktyviai \u012fsijausti bei su\u017einoti ar prisiminti svarbiausius istorinius \u012fvykius partizanine tematika. Projekto metu sukurtais pab\u0117gimo kambariais bus siekiama \u012ftraukti mokinius, kuriems tai b\u016bt\u0173 kaip mokymosi programa, susipa\u017einti Lietuvos ir u\u017esienio turistus su Lietuvos istorija.<\/p>\n\n\n\n<p>Nuo 2023 m. spalio 2 d. ie\u0161komi nauji komandos nariai! Norint tapti laisvalaikio organizavimo verslo komandos dalimi reikia atitikti kelis kriterijus:<\/p>\n\n\n\n<ul class=\"wp-block-list\">\n<li><strong>B\u016bti 14 \u2013 29 met\u0173 am\u017eiaus;<\/strong><\/li>\n\n\n\n<li><strong>Kai\u0161iadori\u0173 miesto gyventojas;<\/strong><\/li>\n\n\n\n<li><strong>Ekonomi\u0161kai neaktyvus (nedirbantis ir neie\u0161kantis darbo).<\/strong><\/li>\n<\/ul>\n\n\n\n<p>Projektas \u012fgyvendinamas 2020 m. lapkrit\u012f \u2013 2022m. lapkrit\u012f.<\/p>\n\n\n\n<p>\u012egyvendinimo vieta \u2013 Gedimino g. 115C, Kai\u0161iadori\u0173, LT-56133.<\/p>\n\n\n\n<p>Registracija savanoriauti, <strong>tapti dalyviu <\/strong>ir kita informacija telefonais: +37060497632, +37060361590, el. pa\u0161tu <a href=\"mailto:zalieji.velniai@gmail.com\">zalieji.velniai@gmail.com<\/a><\/p>\n\n\n\n<p class=\"has-text-align-right has-small-font-size\">Projektas finansuojamas Europos socialinio fondo l\u0117\u0161omis<\/p>\n","protected":false},"excerpt":{"rendered":"<p>\u201e\u017dali\u0173j\u0173 velni\u0173\u201c organizacija dalyvauja \u012fvairiuose projektuose, skatinan\u010diuose jaunimo fizin\u012f aktyvum\u0105 sporto srityje. Ta\u010diau norint dar labiau \u012fprasminti organizacijos pavadinim\u0105 vadovai nusprend\u0117 sukurti projekt\u0105, kuris pad\u0117t\u0173 interaktyviai \u012fprasminti partizanin\u0119 veikl\u0105, jog apie Lietuvoje vykusias partizanines kovas, istorij\u0105 b\u016bt\u0173 ne tik naudinga, bet ir \u012fdomu su\u017einoti. Projekto \u201eVerslo prad\u017eia Kai\u0161iadoryse\u201c tikslas \u2013 ma\u017einti nedarb\u0105, skatinant darbing\u0173 Kai\u0161iadori\u0173 [&hellip;]<\/p>\n","protected":false},"author":2,"featured_media":0,"parent":0,"menu_order":0,"comment_status":"closed","ping_status":"closed","template":"","meta":{"_monsterinsights_skip_tracking":false,"_monsterinsights_sitenote_active":false,"_monsterinsights_sitenote_note":"","_monsterinsights_sitenote_category":0,"cybocfi_hide_featured_image":"","footnotes":""},"class_list":["post-736","page","type-page","status-publish","hentry"],"aioseo_notices":[],"_links":{"self":[{"href":"https:\/\/paverslaukime.lt\/index.php?rest_route=\/wp\/v2\/pages\/736","targetHints":{"allow":["GET"]}}],"collection":[{"href":"https:\/\/paverslaukime.lt\/index.php?rest_route=\/wp\/v2\/pages"}],"about":[{"href":"https:\/\/paverslaukime.lt\/index.php?rest_route=\/wp\/v2\/types\/page"}],"author":[{"embeddable":true,"href":"https:\/\/paverslaukime.lt\/index.php?rest_route=\/wp\/v2\/users\/2"}],"replies":[{"embeddable":true,"href":"https:\/\/paverslaukime.lt\/index.php?rest_route=%2Fwp%2Fv2%2Fcomments&post=736"}],"version-history":[{"count":10,"href":"https:\/\/paverslaukime.lt\/index.php?rest_route=\/wp\/v2\/pages\/736\/revisions"}],"predecessor-version":[{"id":1196,"href":"https:\/\/paverslaukime.lt\/index.php?rest_route=\/wp\/v2\/pages\/736\/revisions\/1196"}],"wp:attachment":[{"href":"https:\/\/paverslaukime.lt\/index.php?rest_route=%2Fwp%2Fv2%2Fmedia&parent=736"}],"curies":[{"name":"wp","href":"https:\/\/api.w.org\/{rel}","templated":true}]}}